{"id":7778,"date":"2024-11-14T13:20:45","date_gmt":"2024-11-14T12:20:45","guid":{"rendered":"https:\/\/www.bogaerstalen.nl\/horaires-des-cours-collectifs\/"},"modified":"2024-11-14T13:20:47","modified_gmt":"2024-11-14T12:20:47","slug":"horaires-des-cours-collectifs","status":"publish","type":"page","link":"https:\/\/www.bogaerstalen.nl\/fr\/horaires-des-cours-collectifs\/","title":{"rendered":"Horaires des cours collectifs"},"content":{"rendered":"\t\t<div data-elementor-type=\"wp-page\" data-elementor-id=\"7778\" class=\"elementor elementor-7778 elementor-142\" data-elementor-post-type=\"page\">\n\t\t\t\t<div class=\"elementor-element elementor-element-4b501d9b e-flex e-con-boxed e-con e-parent\" data-id=\"4b501d9b\" data-element_type=\"container\" data-e-type=\"container\">\n\t\t\t\t\t<div class=\"e-con-inner\">\n\t\t\t\t<div class=\"elementor-element elementor-element-4f392ca5 elementor-widget elementor-widget-text-editor\" data-id=\"4f392ca5\" data-element_type=\"widget\" data-e-type=\"widget\" data-widget_type=\"text-editor.default\">\n\t\t\t\t<div class=\"elementor-widget-container\">\n\t\t\t\t\t\t\t\t\t<h1><span style=\"color: #ff9900;\">Horaires des cours<\/span><\/h1>\n<h2>Niveaux de comp\u00e9tence linguistique<\/h2>\n<p>Le Cadre europ\u00e9en commun pour l&rsquo;apprentissage, l&rsquo;enseignement et l&rsquo;\u00e9valuation des langues est la ligne directrice qui permet de d\u00e9terminer le niveau d&rsquo;entr\u00e9e, les progr\u00e8s et les r\u00e9sultats de nos cours de langues. Le cadre est bas\u00e9 sur cinq aspects diff\u00e9rents des comp\u00e9tences linguistiques : l&rsquo;\u00e9coute, la conversation, l&rsquo;expression orale, la lecture et l&rsquo;\u00e9criture. Dans chaque cat\u00e9gorie, un apprenant peut \u00eatre class\u00e9 et \u00e9valu\u00e9 \u00e0 un niveau diff\u00e9rent. En utilisant ce cadre de r\u00e9f\u00e9rence, Bogaers Taleninstituut s&rsquo;assure que le niveau des participants \u00e0 ses cours est connu et reconnu dans toute l&rsquo;Europe.   <\/p>\n<\/p>\n<p>Les cours d&rsquo;apprentissage mixte peuvent \u00eatre plus rentables que les cours en groupe chez Bogaers Talen, et ce pour plusieurs raisons :<\/p>\n<ol>\n<li>\n<p>Utilisation efficace du temps : l&rsquo;apprentissage mixte combine des cours en face \u00e0 face avec des ressources d&rsquo;apprentissage en ligne. Cela permet aux enseignants d&rsquo;utiliser le temps d&rsquo;enseignement de mani\u00e8re plus efficace. Les ressources d&rsquo;apprentissage en ligne peuvent \u00eatre utilis\u00e9es, par exemple, pour enseigner des concepts de base et fournir des exercices. Cela signifie qu&rsquo;il est possible de mettre davantage l&rsquo;accent sur l&rsquo;interaction, la discussion et l&rsquo;application des comp\u00e9tences acquises pendant les cours en face \u00e0 face. Par cons\u00e9quent, une plus grande quantit\u00e9 de mat\u00e9riel de cours peut \u00eatre couverte en m\u00eame temps, ce qui augmente l&rsquo;efficacit\u00e9.    <\/p>\n<\/li>\n<li>\n<p>Attention individuelle : l&rsquo;apprentissage mixte permet un apprentissage plus personnalis\u00e9. Les outils d&rsquo;apprentissage en ligne peuvent suivre les progr\u00e8s individuels et appliquer des techniques d&rsquo;apprentissage adaptatif afin d&rsquo;adapter les supports d&rsquo;apprentissage aux besoins sp\u00e9cifiques de chaque \u00e9l\u00e8ve. Les enseignants peuvent ainsi fournir un retour d&rsquo;information et un soutien plus cibl\u00e9s \u00e0 chaque \u00e9l\u00e8ve. Dans les cours collectifs, il est plus difficile de r\u00e9pondre aux besoins sp\u00e9cifiques de chaque \u00e9l\u00e8ve car l&rsquo;attention de l&rsquo;enseignant est r\u00e9partie sur un groupe plus important.   <\/p>\n<\/li>\n<li>\n<p>\u00c9volutivit\u00e9 : avec l&rsquo;apprentissage mixte, les cours peuvent \u00eatre enregistr\u00e9s et mis \u00e0 disposition en ligne. Cela signifie que les le\u00e7ons peuvent \u00eatre stock\u00e9es et r\u00e9utilis\u00e9es pour de futurs groupes d&rsquo;\u00e9tudiants. Les enseignants peuvent ainsi toucher davantage d&rsquo;\u00e9l\u00e8ves sans investir de temps et de ressources suppl\u00e9mentaires. Les cours collectifs, en revanche, exigent g\u00e9n\u00e9ralement que les enseignants soient physiquement pr\u00e9sents \u00e0 chaque cours, ce qui limite le nombre d&rsquo;\u00e9tudiants qu&rsquo;ils peuvent servir en m\u00eame temps.   <\/p>\n<\/li>\n<li>\n<p>Flexibilit\u00e9 : l&rsquo;apprentissage mixte offre une certaine flexibilit\u00e9 en termes d&rsquo;horaires et de lieu. Les \u00e9tudiants peuvent acc\u00e9der aux ressources d&rsquo;apprentissage en ligne au moment et \u00e0 l&rsquo;endroit qui leur conviennent le mieux. Cela peut \u00eatre pratique pour les \u00e9tudiants qui ont un emploi du temps charg\u00e9 ou d&rsquo;autres engagements. Les cours en groupe, en revanche, ont des horaires et des lieux fixes, ce qui peut imposer des restrictions aux \u00e9tudiants qui ne sont pas toujours disponibles.   <\/p>\n<\/li>\n<\/ol>\n<p>Ainsi, si les cours d&rsquo;apprentissage mixte peuvent \u00eatre plus rentables, il est important de noter que les cours en groupe restent utiles, en particulier en ce qui concerne l&rsquo;interaction et la dynamique sociale entre les \u00e9tudiants. Le mod\u00e8le de cours id\u00e9al d\u00e9pend de plusieurs facteurs, tels que la nature du sujet, les objectifs d&rsquo;apprentissage, les niveaux, les ressources disponibles et les pr\u00e9f\u00e9rences des \u00e9tudiants et des enseignants&#8230; Si tous ces \u00e9l\u00e9ments ne sont pas bien adapt\u00e9s, l&rsquo;\u00e9tudiant risque de perdre du temps au lieu d&rsquo;en gagner.<\/p>\n\t\t\t\t\t\t\t\t<\/div>\n\t\t\t\t<\/div>\n\t\t\t\t\t<\/div>\n\t\t\t\t<\/div>\n\t\t\t\t<\/div>\n\t\t","protected":false},"excerpt":{"rendered":"<p>Horaires des cours Niveaux de comp\u00e9tence linguistique Le Cadre europ\u00e9en commun pour l&rsquo;apprentissage, l&rsquo;enseignement et l&rsquo;\u00e9valuation des langues est la ligne directrice qui permet de d\u00e9terminer le niveau d&rsquo;entr\u00e9e, les progr\u00e8s et les r\u00e9sultats de nos cours de langues. Le cadre est bas\u00e9 sur cinq aspects diff\u00e9rents des comp\u00e9tences linguistiques : l&rsquo;\u00e9coute, la conversation, l&rsquo;expression [&hellip;]<\/p>\n","protected":false},"author":3,"featured_media":0,"parent":0,"menu_order":0,"comment_status":"open","ping_status":"open","template":"aw-content-template.php","meta":{"_yoast_wpseo_focuskw":"Calendrier des cours","_yoast_wpseo_metadesc":"","rank_math_focus_keyword":"","rank_math_description":"","footnotes":""},"class_list":["post-7778","page","type-page","status-publish","hentry"],"yoast_head":"<!-- This site is optimized with the Yoast SEO plugin v27.5 - https:\/\/yoast.com\/product\/yoast-seo-wordpress\/ -->\n<title>Horaires des cours collectifs - Bogaers Taleninstituut Tilburg<\/title>\n<meta name=\"robots\" content=\"index, follow, max-snippet:-1, max-image-preview:large, max-video-preview:-1\" \/>\n<link rel=\"canonical\" href=\"https:\/\/www.bogaerstalen.nl\/fr\/horaires-des-cours-collectifs\/\" \/>\n<meta property=\"og:locale\" content=\"fr_FR\" \/>\n<meta property=\"og:type\" content=\"article\" \/>\n<meta property=\"og:title\" content=\"Horaires des cours collectifs - Bogaers Taleninstituut Tilburg\" \/>\n<meta property=\"og:description\" content=\"Horaires des cours Niveaux de comp\u00e9tence linguistique Le Cadre europ\u00e9en commun pour l&rsquo;apprentissage, l&rsquo;enseignement et l&rsquo;\u00e9valuation des langues est la ligne directrice qui permet de d\u00e9terminer le niveau d&rsquo;entr\u00e9e, les progr\u00e8s et les r\u00e9sultats de nos cours de langues. Le cadre est bas\u00e9 sur cinq aspects diff\u00e9rents des comp\u00e9tences linguistiques : l&rsquo;\u00e9coute, la conversation, l&rsquo;expression [&hellip;]\" \/>\n<meta property=\"og:url\" content=\"https:\/\/www.bogaerstalen.nl\/fr\/horaires-des-cours-collectifs\/\" \/>\n<meta property=\"og:site_name\" content=\"Bogaers Taleninstituut Tilburg\" \/>\n<meta property=\"article:publisher\" content=\"https:\/\/www.facebook.com\/taleninstituut\/\" \/>\n<meta property=\"article:modified_time\" content=\"2024-11-14T12:20:47+00:00\" \/>\n<meta name=\"twitter:label1\" content=\"Dur\u00e9e de lecture estim\u00e9e\" \/>\n\t<meta name=\"twitter:data1\" content=\"3 minutes\" \/>\n<script type=\"application\/ld+json\" class=\"yoast-schema-graph\">{\"@context\":\"https:\\\/\\\/schema.org\",\"@graph\":[{\"@type\":\"WebPage\",\"@id\":\"https:\\\/\\\/www.bogaerstalen.nl\\\/fr\\\/horaires-des-cours-collectifs\\\/\",\"url\":\"https:\\\/\\\/www.bogaerstalen.nl\\\/fr\\\/horaires-des-cours-collectifs\\\/\",\"name\":\"Horaires des cours collectifs - Bogaers Taleninstituut Tilburg\",\"isPartOf\":{\"@id\":\"https:\\\/\\\/www.bogaerstalen.nl\\\/fr\\\/#website\"},\"datePublished\":\"2024-11-14T12:20:45+00:00\",\"dateModified\":\"2024-11-14T12:20:47+00:00\",\"breadcrumb\":{\"@id\":\"https:\\\/\\\/www.bogaerstalen.nl\\\/fr\\\/horaires-des-cours-collectifs\\\/#breadcrumb\"},\"inLanguage\":\"fr-FR\",\"potentialAction\":[{\"@type\":\"ReadAction\",\"target\":[\"https:\\\/\\\/www.bogaerstalen.nl\\\/fr\\\/horaires-des-cours-collectifs\\\/\"]}]},{\"@type\":\"BreadcrumbList\",\"@id\":\"https:\\\/\\\/www.bogaerstalen.nl\\\/fr\\\/horaires-des-cours-collectifs\\\/#breadcrumb\",\"itemListElement\":[{\"@type\":\"ListItem\",\"position\":1,\"name\":\"Home\",\"item\":\"https:\\\/\\\/www.bogaerstalen.nl\\\/fr\\\/accueil\\\/\"},{\"@type\":\"ListItem\",\"position\":2,\"name\":\"Horaires des cours collectifs\"}]},{\"@type\":\"WebSite\",\"@id\":\"https:\\\/\\\/www.bogaerstalen.nl\\\/fr\\\/#website\",\"url\":\"https:\\\/\\\/www.bogaerstalen.nl\\\/fr\\\/\",\"name\":\"Bogaers Taleninstituut Tilburg\",\"description\":\"Sta sterk met taal!\",\"potentialAction\":[{\"@type\":\"SearchAction\",\"target\":{\"@type\":\"EntryPoint\",\"urlTemplate\":\"https:\\\/\\\/www.bogaerstalen.nl\\\/fr\\\/?s={search_term_string}\"},\"query-input\":{\"@type\":\"PropertyValueSpecification\",\"valueRequired\":true,\"valueName\":\"search_term_string\"}}],\"inLanguage\":\"fr-FR\"}]}<\/script>\n<!-- \/ Yoast SEO plugin. -->","yoast_head_json":{"title":"Horaires des cours collectifs - Bogaers Taleninstituut Tilburg","robots":{"index":"index","follow":"follow","max-snippet":"max-snippet:-1","max-image-preview":"max-image-preview:large","max-video-preview":"max-video-preview:-1"},"canonical":"https:\/\/www.bogaerstalen.nl\/fr\/horaires-des-cours-collectifs\/","og_locale":"fr_FR","og_type":"article","og_title":"Horaires des cours collectifs - Bogaers Taleninstituut Tilburg","og_description":"Horaires des cours Niveaux de comp\u00e9tence linguistique Le Cadre europ\u00e9en commun pour l&rsquo;apprentissage, l&rsquo;enseignement et l&rsquo;\u00e9valuation des langues est la ligne directrice qui permet de d\u00e9terminer le niveau d&rsquo;entr\u00e9e, les progr\u00e8s et les r\u00e9sultats de nos cours de langues. Le cadre est bas\u00e9 sur cinq aspects diff\u00e9rents des comp\u00e9tences linguistiques : l&rsquo;\u00e9coute, la conversation, l&rsquo;expression [&hellip;]","og_url":"https:\/\/www.bogaerstalen.nl\/fr\/horaires-des-cours-collectifs\/","og_site_name":"Bogaers Taleninstituut Tilburg","article_publisher":"https:\/\/www.facebook.com\/taleninstituut\/","article_modified_time":"2024-11-14T12:20:47+00:00","twitter_misc":{"Dur\u00e9e de lecture estim\u00e9e":"3 minutes"},"schema":{"@context":"https:\/\/schema.org","@graph":[{"@type":"WebPage","@id":"https:\/\/www.bogaerstalen.nl\/fr\/horaires-des-cours-collectifs\/","url":"https:\/\/www.bogaerstalen.nl\/fr\/horaires-des-cours-collectifs\/","name":"Horaires des cours collectifs - Bogaers Taleninstituut Tilburg","isPartOf":{"@id":"https:\/\/www.bogaerstalen.nl\/fr\/#website"},"datePublished":"2024-11-14T12:20:45+00:00","dateModified":"2024-11-14T12:20:47+00:00","breadcrumb":{"@id":"https:\/\/www.bogaerstalen.nl\/fr\/horaires-des-cours-collectifs\/#breadcrumb"},"inLanguage":"fr-FR","potentialAction":[{"@type":"ReadAction","target":["https:\/\/www.bogaerstalen.nl\/fr\/horaires-des-cours-collectifs\/"]}]},{"@type":"BreadcrumbList","@id":"https:\/\/www.bogaerstalen.nl\/fr\/horaires-des-cours-collectifs\/#breadcrumb","itemListElement":[{"@type":"ListItem","position":1,"name":"Home","item":"https:\/\/www.bogaerstalen.nl\/fr\/accueil\/"},{"@type":"ListItem","position":2,"name":"Horaires des cours collectifs"}]},{"@type":"WebSite","@id":"https:\/\/www.bogaerstalen.nl\/fr\/#website","url":"https:\/\/www.bogaerstalen.nl\/fr\/","name":"Bogaers Taleninstituut Tilburg","description":"Sta sterk met taal!","potentialAction":[{"@type":"SearchAction","target":{"@type":"EntryPoint","urlTemplate":"https:\/\/www.bogaerstalen.nl\/fr\/?s={search_term_string}"},"query-input":{"@type":"PropertyValueSpecification","valueRequired":true,"valueName":"search_term_string"}}],"inLanguage":"fr-FR"}]}},"_links":{"self":[{"href":"https:\/\/www.bogaerstalen.nl\/fr\/wp-json\/wp\/v2\/pages\/7778","targetHints":{"allow":["GET"]}}],"collection":[{"href":"https:\/\/www.bogaerstalen.nl\/fr\/wp-json\/wp\/v2\/pages"}],"about":[{"href":"https:\/\/www.bogaerstalen.nl\/fr\/wp-json\/wp\/v2\/types\/page"}],"author":[{"embeddable":true,"href":"https:\/\/www.bogaerstalen.nl\/fr\/wp-json\/wp\/v2\/users\/3"}],"replies":[{"embeddable":true,"href":"https:\/\/www.bogaerstalen.nl\/fr\/wp-json\/wp\/v2\/comments?post=7778"}],"version-history":[{"count":3,"href":"https:\/\/www.bogaerstalen.nl\/fr\/wp-json\/wp\/v2\/pages\/7778\/revisions"}],"predecessor-version":[{"id":7781,"href":"https:\/\/www.bogaerstalen.nl\/fr\/wp-json\/wp\/v2\/pages\/7778\/revisions\/7781"}],"wp:attachment":[{"href":"https:\/\/www.bogaerstalen.nl\/fr\/wp-json\/wp\/v2\/media?parent=7778"}],"curies":[{"name":"wp","href":"https:\/\/api.w.org\/{rel}","templated":true}]}}

<div data-elementor-type="wp-page" data-elementor-id="7778" class="elementor elementor-7778 elementor-142" data-elementor-post-type="page">
				<div class="elementor-element elementor-element-4b501d9b e-flex e-con-boxed e-con e-parent" data-id="4b501d9b" data-element_type="container" data-e-type="container">
					<div class="e-con-inner">
				<div class="elementor-element elementor-element-4f392ca5 elementor-widget elementor-widget-text-editor" data-id="4f392ca5" data-element_type="widget" data-e-type="widget" data-widget_type="text-editor.default">
				<div class="elementor-widget-container">
									<h1><span style="color: #ff9900;">Horaires des cours</span></h1>
<h2>Niveaux de compétence linguistique</h2>
<p>Le Cadre européen commun pour l&rsquo;apprentissage, l&rsquo;enseignement et l&rsquo;évaluation des langues est la ligne directrice qui permet de déterminer le niveau d&rsquo;entrée, les progrès et les résultats de nos cours de langues. Le cadre est basé sur cinq aspects différents des compétences linguistiques : l&rsquo;écoute, la conversation, l&rsquo;expression orale, la lecture et l&rsquo;écriture. Dans chaque catégorie, un apprenant peut être classé et évalué à un niveau différent. En utilisant ce cadre de référence, Bogaers Taleninstituut s&rsquo;assure que le niveau des participants à ses cours est connu et reconnu dans toute l&rsquo;Europe.   </p>
</p>
<p>Les cours d&rsquo;apprentissage mixte peuvent être plus rentables que les cours en groupe chez Bogaers Talen, et ce pour plusieurs raisons :</p>
<ol>
<li>
<p>Utilisation efficace du temps : l&rsquo;apprentissage mixte combine des cours en face à face avec des ressources d&rsquo;apprentissage en ligne. Cela permet aux enseignants d&rsquo;utiliser le temps d&rsquo;enseignement de manière plus efficace. Les ressources d&rsquo;apprentissage en ligne peuvent être utilisées, par exemple, pour enseigner des concepts de base et fournir des exercices. Cela signifie qu&rsquo;il est possible de mettre davantage l&rsquo;accent sur l&rsquo;interaction, la discussion et l&rsquo;application des compétences acquises pendant les cours en face à face. Par conséquent, une plus grande quantité de matériel de cours peut être couverte en même temps, ce qui augmente l&rsquo;efficacité.    </p>
</li>
<li>
<p>Attention individuelle : l&rsquo;apprentissage mixte permet un apprentissage plus personnalisé. Les outils d&rsquo;apprentissage en ligne peuvent suivre les progrès individuels et appliquer des techniques d&rsquo;apprentissage adaptatif afin d&rsquo;adapter les supports d&rsquo;apprentissage aux besoins spécifiques de chaque élève. Les enseignants peuvent ainsi fournir un retour d&rsquo;information et un soutien plus ciblés à chaque élève. Dans les cours collectifs, il est plus difficile de répondre aux besoins spécifiques de chaque élève car l&rsquo;attention de l&rsquo;enseignant est répartie sur un groupe plus important.   </p>
</li>
<li>
<p>Évolutivité : avec l&rsquo;apprentissage mixte, les cours peuvent être enregistrés et mis à disposition en ligne. Cela signifie que les leçons peuvent être stockées et réutilisées pour de futurs groupes d&rsquo;étudiants. Les enseignants peuvent ainsi toucher davantage d&rsquo;élèves sans investir de temps et de ressources supplémentaires. Les cours collectifs, en revanche, exigent généralement que les enseignants soient physiquement présents à chaque cours, ce qui limite le nombre d&rsquo;étudiants qu&rsquo;ils peuvent servir en même temps.   </p>
</li>
<li>
<p>Flexibilité : l&rsquo;apprentissage mixte offre une certaine flexibilité en termes d&rsquo;horaires et de lieu. Les étudiants peuvent accéder aux ressources d&rsquo;apprentissage en ligne au moment et à l&rsquo;endroit qui leur conviennent le mieux. Cela peut être pratique pour les étudiants qui ont un emploi du temps chargé ou d&rsquo;autres engagements. Les cours en groupe, en revanche, ont des horaires et des lieux fixes, ce qui peut imposer des restrictions aux étudiants qui ne sont pas toujours disponibles.   </p>
</li>
</ol>
<p>Ainsi, si les cours d&rsquo;apprentissage mixte peuvent être plus rentables, il est important de noter que les cours en groupe restent utiles, en particulier en ce qui concerne l&rsquo;interaction et la dynamique sociale entre les étudiants. Le modèle de cours idéal dépend de plusieurs facteurs, tels que la nature du sujet, les objectifs d&rsquo;apprentissage, les niveaux, les ressources disponibles et les préférences des étudiants et des enseignants&#8230; Si tous ces éléments ne sont pas bien adaptés, l&rsquo;étudiant risque de perdre du temps au lieu d&rsquo;en gagner.</p>
								</div>
				</div>
					</div>
				</div>
				</div>

<p>Horaires des cours Niveaux de compétence linguistique Le Cadre européen commun pour l&rsquo;apprentissage, l&rsquo;enseignement et l&rsquo;évaluation des langues est la ligne directrice qui permet de déterminer le niveau d&rsquo;entrée, les progrès et les résultats de nos cours de langues. Le cadre est basé sur cinq aspects différents des compétences linguistiques : l&rsquo;écoute, la conversation, l&rsquo;expression [&hellip;]</p>

<!-- This site is optimized with the Yoast SEO plugin v27.5 - https://yoast.com/product/yoast-seo-wordpress/ -->
<title>Horaires des cours collectifs - Bogaers Taleninstituut Tilburg</title>
<meta name="robots" content="index, follow, max-snippet:-1, max-image-preview:large, max-video-preview:-1" />
<link rel="canonical" href="https://www.bogaerstalen.nl/fr/horaires-des-cours-collectifs/" />
<meta property="og:locale" content="fr_FR" />
<meta property="og:type" content="article" />
<meta property="og:title" content="Horaires des cours collectifs - Bogaers Taleninstituut Tilburg" />
<meta property="og:description" content="Horaires des cours Niveaux de compétence linguistique Le Cadre européen commun pour l&rsquo;apprentissage, l&rsquo;enseignement et l&rsquo;évaluation des langues est la ligne directrice qui permet de déterminer le niveau d&rsquo;entrée, les progrès et les résultats de nos cours de langues. Le cadre est basé sur cinq aspects différents des compétences linguistiques : l&rsquo;écoute, la conversation, l&rsquo;expression [&hellip;]" />
<meta property="og:url" content="https://www.bogaerstalen.nl/fr/horaires-des-cours-collectifs/" />
<meta property="og:site_name" content="Bogaers Taleninstituut Tilburg" />
<meta property="article:publisher" content="https://www.facebook.com/taleninstituut/" />
<meta property="article:modified_time" content="2024-11-14T12:20:47+00:00" />
<meta name="twitter:label1" content="Durée de lecture estimée" />
	<meta name="twitter:data1" content="3 minutes" />
<script type="application/ld+json" class="yoast-schema-graph">{"@context":"https:\/\/schema.org","@graph":[{"@type":"WebPage","@id":"https:\/\/www.bogaerstalen.nl\/fr\/horaires-des-cours-collectifs\/","url":"https:\/\/www.bogaerstalen.nl\/fr\/horaires-des-cours-collectifs\/","name":"Horaires des cours collectifs - Bogaers Taleninstituut Tilburg","isPartOf":{"@id":"https:\/\/www.bogaerstalen.nl\/fr\/#website"},"datePublished":"2024-11-14T12:20:45+00:00","dateModified":"2024-11-14T12:20:47+00:00","breadcrumb":{"@id":"https:\/\/www.bogaerstalen.nl\/fr\/horaires-des-cours-collectifs\/#breadcrumb"},"inLanguage":"fr-FR","potentialAction":[{"@type":"ReadAction","target":["https:\/\/www.bogaerstalen.nl\/fr\/horaires-des-cours-collectifs\/"]}]},{"@type":"BreadcrumbList","@id":"https:\/\/www.bogaerstalen.nl\/fr\/horaires-des-cours-collectifs\/#breadcrumb","itemListElement":[{"@type":"ListItem","position":1,"name":"Home","item":"https:\/\/www.bogaerstalen.nl\/fr\/accueil\/"},{"@type":"ListItem","position":2,"name":"Horaires des cours collectifs"}]},{"@type":"WebSite","@id":"https:\/\/www.bogaerstalen.nl\/fr\/#website","url":"https:\/\/www.bogaerstalen.nl\/fr\/","name":"Bogaers Taleninstituut Tilburg","description":"Sta sterk met taal!","potentialAction":[{"@type":"SearchAction","target":{"@type":"EntryPoint","urlTemplate":"https:\/\/www.bogaerstalen.nl\/fr\/?s={search_term_string}"},"query-input":{"@type":"PropertyValueSpecification","valueRequired":true,"valueName":"search_term_string"}}],"inLanguage":"fr-FR"}]}</script>
<!-- / Yoast SEO plugin. -->

Horaires des cours Niveaux de compétence linguistique Le Cadre européen commun pour l&rsquo;apprentissage, l&rsquo;enseignement et l&rsquo;évaluation des langues est la ligne directrice qui permet de déterminer le niveau d&rsquo;entrée, les progrès et les résultats de nos cours de langues. Le cadre est basé sur cinq aspects différents des compétences linguistiques : l&rsquo;écoute, la conversation, l&rsquo;expression [&hellip;]
